21
Let z(p) = 2*p**2 - 18*p - 15. Let j be z(10). Suppose -j*k - 8 = -3*k. Calculate the remainder when (-44)/2*-1 - k is divided by 14.
12
Let q(v) = 5*v - 68. Let p be q(14). Let b be ((-3)/p)/((-6)/848). Suppose 6*z - 496 = b. What is the remainder when z is divided by 11?
8
Let k(y) = 11*y - 5*y - 5*y**2 - 4 + 5*y + 4*y**2. What is the remainder when k(5) is divided by (5 - 44/6)*-3?
5
Let k = -140 + 131. Let p(g) = g**2 + 9*g + 38. Calculate the remainder when p(k) is divided by 3/3 + 36/3.
12
Suppose 30*f = 33*f - 1107. Let d = -322 + f. Calculate the remainder when 229 is divided by d.
41
Suppose 8*t + 3 - 11 = 0. Let g(u) = 36*u**2 + 13*u - 13. Suppose 2*i = -2*i + 572. What is the remainder when i is divided by g(t)?
35
Let x(f) = -f**3 - 14*f**2 - 2*f - 9. Suppose 0 = 7*r + 215 - 1741. Calculate the remainder when r is divided by x(-14).
9
Let q(o) = -o - 4. Let j be q(-10). Suppose -32 = l - j. Let h = 79 + l. What is the remainder when h is divided by 9?
8
Let x(h) = -h**2 - 11*h - 22. Let y = -81 + 75. What is the remainder when 477 is divided by x(y)?
5
Suppose -52 - 64 = -4*l. Let h(v) = -v**3 + 3*v**2 + 15*v + 25. Calculate the remainder when l is divided by h(6).
1
What is the remainder when 1856 is divided by 186/(-15)*1125/(-90)?
151
Let r = -98 - -190. Suppose -r = -4*u - 4*n - 0*n, 6 = 3*n. Calculate the remainder when u is divided by 12.
9
What is the remainder when 612 is divided by 3*(10 - (-11 + -134))*2/6?
147
Let l be (3/(-5))/((-8)/640). Suppose l*w = 47*w + 53. Calculate the remainder when 211 is divided by w.
52
Let a(p) = p**2 - 2*p - 78. What is the remainder when 2119 is divided by a(-9)?
19
Let f(a) = 3*a**3 + 327*a**2 - 341*a - 489. Calculate the remainder when f(-110) is divided by 224.
49
Let d(t) = -6*t - 25. Let h be d(-5). Suppose -h*v + 4*w = -40, 4*v - 7 = -w + 4. Calculate the remainder when 8 is divided by v.
0
Suppose -m + 184 = -4*p, -2*p + 6*p = 4*m - 712. Calculate the remainder when 58 is divided by ((-12)/(-8))/(12/m).
14
Let b = 2827 - 2491. Calculate the remainder when b is divided by 11.
6
Let s be (-48)/(-10) + -7*4/(-140). Let u be (1 - 0) + 1 + -26. Let k = s - u. Calculate the remainder when k is divided by 11.
7
Let y = 1472 + -1275. Calculate the remainder when y is divided by 109.
88
Let x be (-8)/(-24) - (-59)/3. Let g = x - 17. Suppose 5*d + 6*k - 360 = 3*k, 0 = -g*k. Calculate the remainder when d is divided by 25.
22
What is the remainder when -2 + (-40)/(-12)*15 is divided by (6 - -8)*20/14?
8
Suppose 0 = 92*u - 109*u + 391. Suppose o + 2*h = -4*o + u, -o = -5*h - 10. Calculate the remainder when 107 is divided by o.
2
Suppose -46*k = -48*k - 16, -3*n + 2*k + 727 = 0. Let j(i) = -3*i + 5. Let o = 2 + -7. Calculate the remainder when n is divided by j(o).
17
Let q be (4 + -4 + -3)*-86. Calculate the remainder when q/10 + (-4)/(-20) is divided by 7.
5
Let u(c) = -c**2 + 17*c + 6. Let p be u(9). Let k = p + 225. Calculate the remainder when k is divided by 61.
59
Suppose b = -5*q + 17, -27*q = -2*b - 23*q - 8. Suppose 6*p - 310 - b = 0. What is the remainder when p is divided by 7?
3
Let u be (10 - 4)*4/8. Suppose 2*n - 32 = -0*k + u*k, 2*n - k = 28. What is the remainder when 544 is divided by n?
11
Suppose 88*o + 11*o = 23*o + 159296. What is the remainder when o is divided by 210?
206
Let k(x) = -18*x**2 + 34*x + 3. Let w be k(7). Let h = w + 652. What is the remainder when 109 is divided by h?
10
Let t = 187 - 193. What is the remainder when 179 is divided by (61/t)/((-11)/66)?
57
Suppose 26*i - 54624 - 108464 = 608. Calculate the remainder when i is divided by 28.
24
Let h(n) = 1054*n**3 + n**2 - 7*n + 5. What is the remainder when h(1) is divided by 151?
147
Suppose 138*f - 180390 - 273542 = 194530. What is the remainder when f is divided by 20?
19
Let w(c) = c**3 - 7*c**2 + 3*c - 2. Let o be w(5). Let z = -58 - -33. Let n = z - o. Calculate the remainder when 56 is divided by n.
8
Let s be (102/(-4) - 0)*18/27. Let b be -1 - -1 - (17 + s). Suppose -4*p = -q + 4 - b, 4*q = -5*p + 58. Calculate the remainder when 94 is divided by q.
10
What is the remainder when 2480 is divided by (-92)/(0 - 2 - -1)?
88
Suppose 2*v - 4*t + 188 = 6*v, -2*v - 3*t + 99 = 0. Suppose v*f = 39*f + 3033. Calculate the remainder when f is divided by 46.
45
Suppose 3*g = 476*h - 477*h + 450, 30 = -5*h. What is the remainder when 446 is divided by g?
142
Let d = -484 + 848. Suppose 403 - d = 3*m. What is the remainder when 18 is divided by m?
5
Let f = 2996 + -2957. What is the remainder when 56 is divided by f?
17
Suppose 0 = 26*a + 2*a + 2996. Let t = a + 250. What is the remainder when t is divided by 39?
26
Let g = 4134 - 4086. Calculate the remainder when 810 is divided by g.
42
Let j(z) = 2*z**3 + z**2 + 11*z - 22. Calculate the remainder when 3039 is divided by j(2).
19
Let a be 3 + -1 + -2 + 2. Suppose -4*f = 4*r, r + a = -3*f + 4*f. Calculate the remainder when (0 - 1)*r*54 is divided by 28.
26
Let p = 4261 - 2870. What is the remainder when p is divided by 8?
7
Let v(j) = 533*j - 3185. Calculate the remainder when 1166 is divided by v(6).
9
Suppose -18*f + 49 - 577 = -55*f - 29*f. Let r(x) = x**2 + 6*x + 7. Let i be (-34)/6 - (-2)/3. What is the remainder when f is divided by r(i)?
0
Suppose -137*t + 29*t + 12331 = 101*t. What is the remainder when t is divided by ((-816)/(-40))/(2/5)?
8
Suppose 79 - 349 = 15*p. What is the remainder when 557 is divided by (602/(-126))/(2/p)?
41
Let w(m) = -2*m**3 + 16*m**2 - 11*m + 11. Calculate the remainder when w(7) is divided by 1 + (-11)/(55/(-30)).
4
Let n(r) = -102*r - 4. Let c = -162 - -161. Calculate the remainder when n(c) is divided by 20.
18
Suppose -4*y = -20 - 28. Let w(g) = 6903*g + 117. Let n(u) = 119*u + 2. Let v(f) = 117*n(f) - 2*w(f). Calculate the remainder when v(1) is divided by y.
9
Suppose 58*y = 62*y - 24. Let d be (y/5)/(4/(-40)). Calculate the remainder when 378/d*16/(-12) is divided by 15.
12
Suppose 0 = 5*b - b - 632. Let x = -70 + 81. Let c = 21 + x. What is the remainder when b is divided by c?
30
Suppose 5*r - n - 62 = 0, -6*r = -r + 2*n - 71. Let p = -2 + r. Suppose -3*f + 4*f = 4. What is the remainder when p is divided by f?
3
Let c = -5 - -18. Suppose 3*x - 2*x - 42 = 0. Suppose 0 = -4*a + 5*a - j - x, -a + 3*j = -52. What is the remainder when a is divided by c?
11
Let l(y) = y**2 - 5*y - 14. Let q(n) = n. Let x(k) = l(k) + 5*q(k). Let i = -2119 + 2125. Calculate the remainder when 61 is divided by x(i).
17
Let d(f) = 16*f - 12. Let l(p) = p**3 + 13*p**2 - 31*p + 9. What is the remainder when d(8) is divided by l(-15)?
20
Let l = 7992 - 7444. What is the remainder when l is divided by 115?
88
What is the remainder when 1034 is divided by (688/(-112) + 9)*7?
14
Suppose 59 = 4*p + 3*x, 643*p - 647*p = 2*x - 50. Suppose 3*q - 3 = -0*q. Calculate the remainder when 2 - (1 - q - 34) is divided by p.
4
Let n(d) = d**3 + 17*d**2 + 2*d - 43. Let i = -469 + 453. Suppose 4*q - 27 = 29. What is the remainder when n(i) is divided by q?
13
Let g(h) = 3*h**3 - 3*h**2 - 6*h + 3. Calculate the remainder when g(5) is divided by 6/8*(-12)/(-9)*69.
66
Suppose 0 = -9*t + 2*t - 7. Let r(j) = -3*j**3 + j**2 + 4*j + 4. What is the remainder when 14 is divided by r(t)?
2
Let j(i) = -41*i + 232. What is the remainder when j(-19) is divided by 35?
31
Let f(c) = -2*c + 2. Let y be f(0). Suppose -y*u - 106 = -5*k, 3*u - 13 = -k - 2. Let t = k + 12. Calculate the remainder when t is divided by 17.
15
Let q = 3171 - 3156. What is the remainder when 87 is divided by q?
12
What is the remainder when 10537 is divided by (-99 + 129)*(-4)/(-6)?
17
Let x(v) = -8*v + 99. Let n be x(13). What is the remainder when (-962)/(-14) - (-4)/14 is divided by 105/12 - (n/4 + 1)?
6
Suppose 0*g + 6992 = 4*x - 2*g, -2*x = 2*g - 3508. Suppose -3*i - 1326 = -3*c, -c = -5*c - 2*i + x. Calculate the remainder when c is divided by 44.
43
Suppose -5*l + 318 = 6*r - 3*r, -4*r + 435 = 3*l. Suppose -4975 = -235*g + 430. Calculate the remainder when r is divided by g.
19
Suppose 37 + 18 = 5*r. Let q = 21 - r. Let c(j) = -3*j**2 + 19*j - 13. Calculate the remainder when q is divided by c(5).
3
Suppose 0 = 4*a + y - 530, a + 35 = 10*y + 147. What is the remainder when 357 is divi